{"id":2431,"date":"2023-10-31T12:00:04","date_gmt":"2023-10-31T09:00:04","guid":{"rendered":"http:\/\/www.malivor.com.tr\/?page_id=2431"},"modified":"2023-11-03T19:05:27","modified_gmt":"2023-11-03T16:05:27","slug":"pitch-aci-gosterge","status":"publish","type":"page","link":"https:\/\/www.malivor.com\/index.php\/pitch-aci-gosterge\/","title":{"rendered":"PITCH A\u00c7I G\u00d6STERGE"},"content":{"rendered":"\t\t<div data-elementor-type=\"wp-page\" data-elementor-id=\"2431\" class=\"elementor elementor-2431\">\n\t\t\t\t<div class=\"elementor-element elementor-element-b5f11fc e-flex e-con-boxed e-con e-parent\" data-id=\"b5f11fc\" data-element_type=\"container\" data-settings=\"{&quot;background_background&quot;:&quot;classic&quot;,&quot;content_width&quot;:&quot;boxed&quot;}\" data-core-v316-plus=\"true\">\n\t\t\t\t\t<div class=\"e-con-inner\">\n\t\t\t\t<div class=\"elementor-element elementor-element-dd75cfa elementor-widget elementor-widget-heading\" data-id=\"dd75cfa\" data-element_type=\"widget\" data-widget_type=\"heading.default\">\n\t\t\t\t<div class=\"elementor-widget-container\">\n\t\t\t<style>\/*! elementor - v3.19.0 - 07-02-2024 *\/\n.elementor-heading-title{padding:0;margin:0;line-height:1}.elementor-widget-heading .elementor-heading-title[class*=elementor-size-]>a{color:inherit;font-size:inherit;line-height:inherit}.elementor-widget-heading .elementor-heading-title.elementor-size-small{font-size:15px}.elementor-widget-heading .elementor-heading-title.elementor-size-medium{font-size:19px}.elementor-widget-heading .elementor-heading-title.elementor-size-large{font-size:29px}.elementor-widget-heading .elementor-heading-title.elementor-size-xl{font-size:39px}.elementor-widget-heading .elementor-heading-title.elementor-size-xxl{font-size:59px}<\/style><div class=\"elementor-heading-title elementor-size-default\">PITCH A\u00c7I G\u00d6STERGE<\/div>\t\t<\/div>\n\t\t\t\t<\/div>\n\t\t\t\t\t<\/div>\n\t\t\t\t<\/div>\n\t\t<div class=\"elementor-element elementor-element-e34348a e-flex e-con-boxed e-con e-parent\" data-id=\"e34348a\" data-element_type=\"container\" data-settings=\"{&quot;content_width&quot;:&quot;boxed&quot;}\" data-core-v316-plus=\"true\">\n\t\t\t\t\t<div class=\"e-con-inner\">\n\t\t<div class=\"elementor-element elementor-element-7e20783 e-con-full elementor-hidden-tablet elementor-hidden-mobile e-flex e-con e-child\" data-id=\"7e20783\" data-element_type=\"container\" data-settings=\"{&quot;content_width&quot;:&quot;full&quot;,&quot;position&quot;:&quot;absolute&quot;,&quot;background_background&quot;:&quot;classic&quot;}\">\n\t\t\t\t<div class=\"elementor-element elementor-element-14409d5 elementor-hidden-tablet elementor-hidden-mobile elementor-widget elementor-widget-sidebar\" data-id=\"14409d5\" data-element_type=\"widget\" data-widget_type=\"sidebar.default\">\n\t\t\t\t<div class=\"elementor-widget-container\">\n\t\t\t<section id=\"nav_menu-6\" class=\"widget widget_nav_menu\"><div class=\"menu-yan-menu-container\"><ul id=\"menu-yan-menu\" class=\"menu\"><li id=\"menu-item-1573\" class=\"menu-item menu-item-type-custom menu-item-object-custom menu-item-1573\"><a href=\"#\">\u00dcR\u00dcNLER\u0130M\u0130Z<\/a><\/li>\n<li id=\"menu-item-2503\" class=\"menu-item menu-item-type-post_type menu-item-object-page menu-item-2503\"><a href=\"https:\/\/www.malivor.com\/index.php\/yakit-tank-gosterge-sistemi\/\">YAKIT TANK G\u00d6STERGE S\u0130STEM\u0130<\/a><\/li>\n<li id=\"menu-item-3123\" class=\"menu-item menu-item-type-post_type menu-item-object-page menu-item-3123\"><a href=\"https:\/\/www.malivor.com\/index.php\/kargo-tank-olcum-sistemi\/\">KARGO TANK \u00d6L\u00c7\u00dcM S\u0130STEM\u0130<\/a><\/li>\n<li id=\"menu-item-3044\" class=\"menu-item menu-item-type-post_type menu-item-object-page menu-item-3044\"><a href=\"https:\/\/www.malivor.com\/index.php\/yuzer-havuz-iskandil-sistemi\/\">Y\u00dcZER HAVUZ \u0130SKAND\u0130L S\u0130STEM\u0130<\/a><\/li>\n<li id=\"menu-item-1864\" class=\"menu-item menu-item-type-post_type menu-item-object-page menu-item-1864\"><a href=\"https:\/\/www.malivor.com\/index.php\/imu-hareket-algilama-cihazi\/\">IMU HAREKET ALGILAMA C\u0130HAZI<\/a><\/li>\n<li id=\"menu-item-1863\" class=\"menu-item menu-item-type-post_type menu-item-object-page menu-item-1863\"><a href=\"https:\/\/www.malivor.com\/index.php\/3-boyutlu-hareket-kayit-cihazi\/\">3 BOYUTLU HAREKET KAYIT C\u0130HAZI<\/a><\/li>\n<li id=\"menu-item-1911\" class=\"menu-item menu-item-type-post_type menu-item-object-page menu-item-1911\"><a href=\"https:\/\/www.malivor.com\/index.php\/dumen-pozisyon-transmitter\/\">D\u00dcMEN POZ\u0130SYON TRANSM\u0130TTER<\/a><\/li>\n<li id=\"menu-item-2186\" class=\"menu-item menu-item-type-post_type menu-item-object-page menu-item-2186\"><a href=\"https:\/\/www.malivor.com\/index.php\/dumen-aci-gosterge-sistemleri\/\">D\u00dcMEN A\u00c7I G\u00d6STERGE S\u0130STEMLER\u0130<\/a><\/li>\n<li id=\"menu-item-2289\" class=\"menu-item menu-item-type-post_type menu-item-object-page menu-item-2289\"><a href=\"https:\/\/www.malivor.com\/index.php\/gyro-compass-sensor-yazilim\/\">GYRO COMPASS SENS\u00d6R YAZILIM<\/a><\/li>\n<li id=\"menu-item-2309\" class=\"menu-item menu-item-type-post_type menu-item-object-page menu-item-2309\"><a href=\"https:\/\/www.malivor.com\/index.php\/pedestal-anten\/\">PEDESTAL ANTEN<\/a><\/li>\n<li id=\"menu-item-2328\" class=\"menu-item menu-item-type-post_type menu-item-object-page menu-item-2328\"><a href=\"https:\/\/www.malivor.com\/index.php\/anemometre\/\">ANEMOMETRE<\/a><\/li>\n<li id=\"menu-item-2383\" class=\"menu-item menu-item-type-post_type menu-item-object-page menu-item-2383\"><a href=\"https:\/\/www.malivor.com\/index.php\/gemi-duduk-panel\/\">GEM\u0130 D\u00dcD\u00dcK PANEL<\/a><\/li>\n<li id=\"menu-item-2393\" class=\"menu-item menu-item-type-post_type menu-item-object-page menu-item-2393\"><a href=\"https:\/\/www.malivor.com\/index.php\/seyir-sinyal-fener-sistemi\/\">SEY\u0130R S\u0130NYAL FENER S\u0130STEM\u0130<\/a><\/li>\n<li id=\"menu-item-2415\" class=\"menu-item menu-item-type-post_type menu-item-object-page menu-item-2415\"><a href=\"https:\/\/www.malivor.com\/index.php\/gps-nmea-konverterler\/\">GPS NMEA KONVERTERLER<\/a><\/li>\n<li id=\"menu-item-2433\" class=\"menu-item menu-item-type-post_type menu-item-object-page menu-item-2433\"><a href=\"https:\/\/www.malivor.com\/index.php\/pitch-aci-gosterge\/\">PITCH A\u00c7I G\u00d6STERGE<\/a><\/li>\n<li id=\"menu-item-2445\" class=\"menu-item menu-item-type-post_type menu-item-object-page menu-item-2445\"><a href=\"https:\/\/www.malivor.com\/index.php\/syncro-resolver\/\">SYNCRO-RESOLVER<\/a><\/li>\n<\/ul><\/div><\/section>\t\t<\/div>\n\t\t\t\t<\/div>\n\t\t\t\t<\/div>\n\t\t<div class=\"elementor-element elementor-element-01dbc18 e-flex e-con-boxed e-con e-child\" data-id=\"01dbc18\" data-element_type=\"container\" data-settings=\"{&quot;content_width&quot;:&quot;boxed&quot;}\">\n\t\t\t\t\t<div class=\"e-con-inner\">\n\t\t\t\t<div class=\"elementor-element elementor-element-731e7fe elementor-widget elementor-widget-heading\" data-id=\"731e7fe\" data-element_type=\"widget\" data-widget_type=\"heading.default\">\n\t\t\t\t<div class=\"elementor-widget-container\">\n\t\t\t<h2 class=\"elementor-heading-title elementor-size-default\">PITCH A\u00c7I G\u00d6STERGE<\/h2>\t\t<\/div>\n\t\t\t\t<\/div>\n\t\t\t\t<div class=\"elementor-element elementor-element-3d09f38 gallery-spacing-custom elementor-widget elementor-widget-image-gallery\" data-id=\"3d09f38\" data-element_type=\"widget\" data-widget_type=\"image-gallery.default\">\n\t\t\t\t<div class=\"elementor-widget-container\">\n\t\t\t<style>\/*! elementor - v3.19.0 - 07-02-2024 *\/\n.elementor-image-gallery .gallery-item{display:inline-block;text-align:center;vertical-align:top;width:100%;max-width:100%;margin:0 auto}.elementor-image-gallery .gallery-item img{margin:0 auto}.elementor-image-gallery .gallery-item .gallery-caption{margin:0}.elementor-image-gallery figure img{display:block}.elementor-image-gallery figure figcaption{width:100%}.gallery-spacing-custom .elementor-image-gallery .gallery-icon{padding:0}@media (min-width:768px){.elementor-image-gallery .gallery-columns-2 .gallery-item{max-width:50%}.elementor-image-gallery .gallery-columns-3 .gallery-item{max-width:33.33%}.elementor-image-gallery .gallery-columns-4 .gallery-item{max-width:25%}.elementor-image-gallery .gallery-columns-5 .gallery-item{max-width:20%}.elementor-image-gallery .gallery-columns-6 .gallery-item{max-width:16.666%}.elementor-image-gallery .gallery-columns-7 .gallery-item{max-width:14.28%}.elementor-image-gallery .gallery-columns-8 .gallery-item{max-width:12.5%}.elementor-image-gallery .gallery-columns-9 .gallery-item{max-width:11.11%}.elementor-image-gallery .gallery-columns-10 .gallery-item{max-width:10%}}@media (min-width:480px) and (max-width:767px){.elementor-image-gallery .gallery.gallery-columns-2 .gallery-item,.elementor-image-gallery .gallery.gallery-columns-3 .gallery-item,.elementor-image-gallery .gallery.gallery-columns-4 .gallery-item,.elementor-image-gallery .gallery.gallery-columns-5 .gallery-item,.elementor-image-gallery .gallery.gallery-columns-6 .gallery-item,.elementor-image-gallery .gallery.gallery-columns-7 .gallery-item,.elementor-image-gallery .gallery.gallery-columns-8 .gallery-item,.elementor-image-gallery .gallery.gallery-columns-9 .gallery-item,.elementor-image-gallery .gallery.gallery-columns-10 .gallery-item{max-width:50%}}@media (max-width:479px){.elementor-image-gallery .gallery.gallery-columns-2 .gallery-item,.elementor-image-gallery .gallery.gallery-columns-3 .gallery-item,.elementor-image-gallery .gallery.gallery-columns-4 .gallery-item,.elementor-image-gallery .gallery.gallery-columns-5 .gallery-item,.elementor-image-gallery .gallery.gallery-columns-6 .gallery-item,.elementor-image-gallery .gallery.gallery-columns-7 .gallery-item,.elementor-image-gallery .gallery.gallery-columns-8 .gallery-item,.elementor-image-gallery .gallery.gallery-columns-9 .gallery-item,.elementor-image-gallery .gallery.gallery-columns-10 .gallery-item{max-width:100%}}<\/style>\t\t<div class=\"elementor-image-gallery\">\n\t\t\t<div id='gallery-1' class='gallery galleryid-2431 gallery-columns-2 gallery-size-medium_large'><figure class='gallery-item'>\n\t\t\t<div class='gallery-icon landscape'>\n\t\t\t\t<a data-elementor-open-lightbox=\"yes\" data-elementor-lightbox-slideshow=\"3d09f38\" data-e-action-hash=\"#elementor-action%3Aaction%3Dlightbox%26settings%3DeyJpZCI6MjIwOCwidXJsIjoiaHR0cHM6XC9cL3d3dy5tYWxpdm9yLmNvbVwvd3AtY29udGVudFwvdXBsb2Fkc1wvRFVNRU5BQ0kyMC5qcGciLCJzbGlkZXNob3ciOiIzZDA5ZjM4In0%3D\" href='https:\/\/www.malivor.com\/wp-content\/uploads\/DUMENACI20.jpg'><img fetchpriority=\"high\" width=\"768\" height=\"576\" src=\"https:\/\/www.malivor.com\/wp-content\/uploads\/DUMENACI20-768x576.jpg\" class=\"attachment-medium_large size-medium_large\" alt=\"\" decoding=\"async\" srcset=\"https:\/\/www.malivor.com\/wp-content\/uploads\/DUMENACI20-768x576.jpg 768w, https:\/\/www.malivor.com\/wp-content\/uploads\/DUMENACI20-300x225.jpg 300w, https:\/\/www.malivor.com\/wp-content\/uploads\/DUMENACI20-150x113.jpg 150w, https:\/\/www.malivor.com\/wp-content\/uploads\/DUMENACI20.jpg 1024w\" sizes=\"(max-width: 768px) 100vw, 768px\" \/><\/a>\n\t\t\t<\/div><\/figure><figure class='gallery-item'>\n\t\t\t<div class='gallery-icon landscape'>\n\t\t\t\t<a data-elementor-open-lightbox=\"yes\" data-elementor-lightbox-slideshow=\"3d09f38\" data-e-action-hash=\"#elementor-action%3Aaction%3Dlightbox%26settings%3DeyJpZCI6MjIwNSwidXJsIjoiaHR0cHM6XC9cL3d3dy5tYWxpdm9yLmNvbVwvd3AtY29udGVudFwvdXBsb2Fkc1wvRFVNRU5BQ0kxOC5qcGciLCJzbGlkZXNob3ciOiIzZDA5ZjM4In0%3D\" href='https:\/\/www.malivor.com\/wp-content\/uploads\/DUMENACI18.jpg'><img width=\"768\" height=\"576\" src=\"https:\/\/www.malivor.com\/wp-content\/uploads\/DUMENACI18-768x576.jpg\" class=\"attachment-medium_large size-medium_large\" alt=\"\" decoding=\"async\" srcset=\"https:\/\/www.malivor.com\/wp-content\/uploads\/DUMENACI18-768x576.jpg 768w, https:\/\/www.malivor.com\/wp-content\/uploads\/DUMENACI18-300x225.jpg 300w, https:\/\/www.malivor.com\/wp-content\/uploads\/DUMENACI18-150x113.jpg 150w, https:\/\/www.malivor.com\/wp-content\/uploads\/DUMENACI18.jpg 1024w\" sizes=\"(max-width: 768px) 100vw, 768px\" \/><\/a>\n\t\t\t<\/div><\/figure>\n\t\t<\/div>\n\t\t<\/div>\n\t\t\t\t<\/div>\n\t\t\t\t<\/div>\n\t\t\t\t<div class=\"elementor-element elementor-element-e3a4dce elementor-widget elementor-widget-spacer\" data-id=\"e3a4dce\" data-element_type=\"widget\" data-widget_type=\"spacer.default\">\n\t\t\t\t<div class=\"elementor-widget-container\">\n\t\t\t<style>\/*! elementor - v3.19.0 - 07-02-2024 *\/\n.elementor-column .elementor-spacer-inner{height:var(--spacer-size)}.e-con{--container-widget-width:100%}.e-con-inner>.elementor-widget-spacer,.e-con>.elementor-widget-spacer{width:var(--container-widget-width,var(--spacer-size));--align-self:var(--container-widget-align-self,initial);--flex-shrink:0}.e-con-inner>.elementor-widget-spacer>.elementor-widget-container,.e-con>.elementor-widget-spacer>.elementor-widget-container{height:100%;width:100%}.e-con-inner>.elementor-widget-spacer>.elementor-widget-container>.elementor-spacer,.e-con>.elementor-widget-spacer>.elementor-widget-container>.elementor-spacer{height:100%}.e-con-inner>.elementor-widget-spacer>.elementor-widget-container>.elementor-spacer>.elementor-spacer-inner,.e-con>.elementor-widget-spacer>.elementor-widget-container>.elementor-spacer>.elementor-spacer-inner{height:var(--container-widget-height,var(--spacer-size))}.e-con-inner>.elementor-widget-spacer.elementor-widget-empty,.e-con>.elementor-widget-spacer.elementor-widget-empty{position:relative;min-height:22px;min-width:22px}.e-con-inner>.elementor-widget-spacer.elementor-widget-empty .elementor-widget-empty-icon,.e-con>.elementor-widget-spacer.elementor-widget-empty .elementor-widget-empty-icon{position:absolute;top:0;bottom:0;left:0;right:0;margin:auto;padding:0;width:22px;height:22px}<\/style>\t\t<div class=\"elementor-spacer\">\n\t\t\t<div class=\"elementor-spacer-inner\"><\/div>\n\t\t<\/div>\n\t\t\t\t<\/div>\n\t\t\t\t<\/div>\n\t\t\t\t<div class=\"elementor-element elementor-element-727448c elementor-widget__width-inherit elementor-widget elementor-widget-text-editor\" data-id=\"727448c\" data-element_type=\"widget\" data-widget_type=\"text-editor.default\">\n\t\t\t\t<div class=\"elementor-widget-container\">\n\t\t\t<style>\/*! elementor - v3.19.0 - 07-02-2024 *\/\n.elementor-widget-text-editor.elementor-drop-cap-view-stacked .elementor-drop-cap{background-color:#69727d;color:#fff}.elementor-widget-text-editor.elementor-drop-cap-view-framed .elementor-drop-cap{color:#69727d;border:3px solid;background-color:transparent}.elementor-widget-text-editor:not(.elementor-drop-cap-view-default) .elementor-drop-cap{margin-top:8px}.elementor-widget-text-editor:not(.elementor-drop-cap-view-default) .elementor-drop-cap-letter{width:1em;height:1em}.elementor-widget-text-editor .elementor-drop-cap{float:left;text-align:center;line-height:1;font-size:50px}.elementor-widget-text-editor .elementor-drop-cap-letter{display:inline-block}<\/style>\t\t\t\t<div class=\"product-details__short-description\"><p><strong>\u00dcR\u00dcN KODU:TH-5000<\/strong><\/p><p>Teknik \u00d6zellikler:<\/p><p>GER\u0130L\u0130M:24 DC,10W,<\/p><p>SKALA:0,35 derece ile 0,04 derece.<\/p><p>BOYUT:150 mm x 200 mm x 160 mm<\/p><p>ELEKTR\u0130K BA\u011eLANTI:End\u00fcstriyel Soket.<\/p><p>HABERLE\u015eME ( D\u0130J\u0130TAL):var<\/p><p>FORMAT:TSS1veya NMEA,Modbus.<\/p><p>S\u0130NYAL PROTOKOL:ASCII NMEA and binary.<\/p><p>HABERLE\u015eME ARAY\u00dcZ:RS422\/RS485 ve RS232.<\/p><p>ANALOG \u00c7IKI\u015e:var.<\/p><p>\u00b1 20 ma veya \u00b1 10 volt \u2013 12 bit DAC:1 ADET.<\/p><p>KORUMA:IP65<\/p><\/div>\t\t\t\t\t\t<\/div>\n\t\t\t\t<\/div>\n\t\t\t\t<div class=\"elementor-element elementor-element-801e3f8 elementor-widget elementor-widget-spacer\" data-id=\"801e3f8\" data-element_type=\"widget\" data-widget_type=\"spacer.default\">\n\t\t\t\t<div class=\"elementor-widget-container\">\n\t\t\t\t\t<div class=\"elementor-spacer\">\n\t\t\t<div class=\"elementor-spacer-inner\"><\/div>\n\t\t<\/div>\n\t\t\t\t<\/div>\n\t\t\t\t<\/div>\n\t\t\t\t<div class=\"elementor-element elementor-element-d9eed9e elementor-align-left elementor-hidden-desktop elementor-hidden-tablet elementor-hidden-mobile elementor-widget elementor-widget-button\" data-id=\"d9eed9e\" data-element_type=\"widget\" data-widget_type=\"button.default\">\n\t\t\t\t<div class=\"elementor-widget-container\">\n\t\t\t\t\t<div class=\"elementor-button-wrapper\">\n\t\t\t<a class=\"elementor-button elementor-size-xl\" role=\"button\">\n\t\t\t\t\t\t<span class=\"elementor-button-content-wrapper\">\n\t\t\t\t\t\t<span class=\"elementor-button-icon elementor-align-icon-left\">\n\t\t\t\t<i aria-hidden=\"true\" class=\"far fa-file-pdf\"><\/i>\t\t\t<\/span>\n\t\t\t\t\t\t<span class=\"elementor-button-text\">PDF indir<\/span>\n\t\t<\/span>\n\t\t\t\t\t<\/a>\n\t\t<\/div>\n\t\t\t\t<\/div>\n\t\t\t\t<\/div>\n\t\t\t\t\t<\/div>\n\t\t\t\t<\/div>\n\t\t\t\t\t<\/div>\n\t\t\t\t<\/div>\n\t\t<div class=\"elementor-element elementor-element-fdf2a18 e-flex e-con-boxed e-con e-parent\" data-id=\"fdf2a18\" data-element_type=\"container\" data-settings=\"{&quot;background_background&quot;:&quot;classic&quot;,&quot;content_width&quot;:&quot;boxed&quot;}\" data-core-v316-plus=\"true\">\n\t\t\t\t\t<div class=\"e-con-inner\">\n\t\t\t\t<div class=\"elementor-element elementor-element-6c68ffc elementor-widget elementor-widget-heading\" data-id=\"6c68ffc\" data-element_type=\"widget\" data-widget_type=\"heading.default\">\n\t\t\t\t<div class=\"elementor-widget-container\">\n\t\t\t<div class=\"elementor-heading-title elementor-size-default\">Firma Olarak Yaz\u0131l\u0131m-Donan\u0131m Ve Mekanik Konularda Tecr\u00fcbe Sahibiyiz.<\/div>\t\t<\/div>\n\t\t\t\t<\/div>\n\t\t\t\t\t<\/div>\n\t\t\t\t<\/div>\n\t\t<div class=\"elementor-element elementor-element-70442ca e-flex e-con-boxed e-con e-parent\" data-id=\"70442ca\" data-element_type=\"container\" data-settings=\"{&quot;content_width&quot;:&quot;boxed&quot;}\" data-core-v316-plus=\"true\">\n\t\t\t\t\t<div class=\"e-con-inner\">\n\t\t\t\t<div class=\"elementor-element elementor-element-f0c771c elementor-arrows-position-inside elementor-pagination-position-outside elementor-widget elementor-widget-image-carousel\" data-id=\"f0c771c\" data-element_type=\"widget\" data-settings=\"{&quot;autoplay_speed&quot;:1000,&quot;navigation&quot;:&quot;both&quot;,&quot;autoplay&quot;:&quot;yes&quot;,&quot;pause_on_hover&quot;:&quot;yes&quot;,&quot;pause_on_interaction&quot;:&quot;yes&quot;,&quot;infinite&quot;:&quot;yes&quot;,&quot;speed&quot;:500}\" data-widget_type=\"image-carousel.default\">\n\t\t\t\t<div class=\"elementor-widget-container\">\n\t\t\t<style>\/*! elementor - v3.19.0 - 07-02-2024 *\/\n.elementor-widget-image-carousel .swiper,.elementor-widget-image-carousel .swiper-container{position:static}.elementor-widget-image-carousel .swiper-container .swiper-slide figure,.elementor-widget-image-carousel .swiper .swiper-slide figure{line-height:inherit}.elementor-widget-image-carousel .swiper-slide{text-align:center}.elementor-image-carousel-wrapper:not(.swiper-container-initialized):not(.swiper-initialized) .swiper-slide{max-width:calc(100% \/ var(--e-image-carousel-slides-to-show, 3))}<\/style>\t\t<div class=\"elementor-image-carousel-wrapper swiper\" dir=\"ltr\">\n\t\t\t<div class=\"elementor-image-carousel swiper-wrapper\" aria-live=\"off\">\n\t\t\t\t\t\t\t\t<div class=\"swiper-slide\" role=\"group\" aria-roledescription=\"slide\" aria-label=\"1 \/ 15\"><figure class=\"swiper-slide-inner\"><img decoding=\"async\" class=\"swiper-slide-image\" src=\"https:\/\/www.malivor.com\/wp-content\/uploads\/2023\/10\/11-150x150.jpg\" alt=\"11\" \/><\/figure><\/div><div class=\"swiper-slide\" role=\"group\" aria-roledescription=\"slide\" aria-label=\"2 \/ 15\"><figure class=\"swiper-slide-inner\"><img decoding=\"async\" class=\"swiper-slide-image\" src=\"https:\/\/www.malivor.com\/wp-content\/uploads\/2023\/10\/5p-150x150.png\" alt=\"5p\" \/><\/figure><\/div><div class=\"swiper-slide\" role=\"group\" aria-roledescription=\"slide\" aria-label=\"3 \/ 15\"><figure class=\"swiper-slide-inner\"><img decoding=\"async\" class=\"swiper-slide-image\" src=\"https:\/\/www.malivor.com\/wp-content\/uploads\/2023\/10\/12p-150x150.png\" alt=\"12p\" \/><\/figure><\/div><div class=\"swiper-slide\" role=\"group\" aria-roledescription=\"slide\" aria-label=\"4 \/ 15\"><figure class=\"swiper-slide-inner\"><img decoding=\"async\" class=\"swiper-slide-image\" src=\"https:\/\/www.malivor.com\/wp-content\/uploads\/2023\/10\/15-150x150.jpg\" alt=\"15\" \/><\/figure><\/div><div class=\"swiper-slide\" role=\"group\" aria-roledescription=\"slide\" aria-label=\"5 \/ 15\"><figure class=\"swiper-slide-inner\"><img decoding=\"async\" class=\"swiper-slide-image\" src=\"https:\/\/www.malivor.com\/wp-content\/uploads\/2023\/10\/14p-150x150.jpg\" alt=\"14p\" \/><\/figure><\/div><div class=\"swiper-slide\" role=\"group\" aria-roledescription=\"slide\" aria-label=\"6 \/ 15\"><figure class=\"swiper-slide-inner\"><img decoding=\"async\" class=\"swiper-slide-image\" src=\"https:\/\/www.malivor.com\/wp-content\/uploads\/2023\/10\/13p-150x150.jpg\" alt=\"13p\" \/><\/figure><\/div><div class=\"swiper-slide\" role=\"group\" aria-roledescription=\"slide\" aria-label=\"7 \/ 15\"><figure class=\"swiper-slide-inner\"><img decoding=\"async\" class=\"swiper-slide-image\" src=\"https:\/\/www.malivor.com\/wp-content\/uploads\/2023\/10\/9p-150x150.jpg\" alt=\"9p\" \/><\/figure><\/div><div class=\"swiper-slide\" role=\"group\" aria-roledescription=\"slide\" aria-label=\"8 \/ 15\"><figure class=\"swiper-slide-inner\"><img decoding=\"async\" class=\"swiper-slide-image\" src=\"https:\/\/www.malivor.com\/wp-content\/uploads\/2023\/10\/10p-150x150.jpg\" alt=\"10p\" \/><\/figure><\/div><div class=\"swiper-slide\" role=\"group\" aria-roledescription=\"slide\" aria-label=\"9 \/ 15\"><figure class=\"swiper-slide-inner\"><img decoding=\"async\" class=\"swiper-slide-image\" src=\"https:\/\/www.malivor.com\/wp-content\/uploads\/2023\/10\/8p-150x150.jpg\" alt=\"8p\" \/><\/figure><\/div><div class=\"swiper-slide\" role=\"group\" aria-roledescription=\"slide\" aria-label=\"10 \/ 15\"><figure class=\"swiper-slide-inner\"><img decoding=\"async\" class=\"swiper-slide-image\" src=\"https:\/\/www.malivor.com\/wp-content\/uploads\/2023\/10\/7p-150x150.jpg\" alt=\"7p\" \/><\/figure><\/div><div class=\"swiper-slide\" role=\"group\" aria-roledescription=\"slide\" aria-label=\"11 \/ 15\"><figure class=\"swiper-slide-inner\"><img decoding=\"async\" class=\"swiper-slide-image\" src=\"https:\/\/www.malivor.com\/wp-content\/uploads\/2023\/10\/6p-150x150.jpg\" alt=\"6p\" \/><\/figure><\/div><div class=\"swiper-slide\" role=\"group\" aria-roledescription=\"slide\" aria-label=\"12 \/ 15\"><figure class=\"swiper-slide-inner\"><img decoding=\"async\" class=\"swiper-slide-image\" src=\"https:\/\/www.malivor.com\/wp-content\/uploads\/2023\/10\/3p-150x150.jpg\" alt=\"3p\" \/><\/figure><\/div><div class=\"swiper-slide\" role=\"group\" aria-roledescription=\"slide\" aria-label=\"13 \/ 15\"><figure class=\"swiper-slide-inner\"><img decoding=\"async\" class=\"swiper-slide-image\" src=\"https:\/\/www.malivor.com\/wp-content\/uploads\/2023\/10\/4p-150x150.jpg\" alt=\"4p\" \/><\/figure><\/div><div class=\"swiper-slide\" role=\"group\" aria-roledescription=\"slide\" aria-label=\"14 \/ 15\"><figure class=\"swiper-slide-inner\"><img decoding=\"async\" class=\"swiper-slide-image\" src=\"https:\/\/www.malivor.com\/wp-content\/uploads\/2023\/10\/2p-150x150.jpg\" alt=\"2p\" \/><\/figure><\/div><div class=\"swiper-slide\" role=\"group\" aria-roledescription=\"slide\" aria-label=\"15 \/ 15\"><figure class=\"swiper-slide-inner\"><img decoding=\"async\" class=\"swiper-slide-image\" src=\"https:\/\/www.malivor.com\/wp-content\/uploads\/2023\/10\/1p-150x150.jpg\" alt=\"1p\" \/><\/figure><\/div>\t\t\t<\/div>\n\t\t\t\t\t\t\t\t\t\t\t\t<div class=\"elementor-swiper-button elementor-swiper-button-prev\" role=\"button\" tabindex=\"0\">\n\t\t\t\t\t\t<i aria-hidden=\"true\" class=\"eicon-chevron-left\"><\/i>\t\t\t\t\t<\/div>\n\t\t\t\t\t<div class=\"elementor-swiper-button elementor-swiper-button-next\" role=\"button\" tabindex=\"0\">\n\t\t\t\t\t\t<i aria-hidden=\"true\" class=\"eicon-chevron-right\"><\/i>\t\t\t\t\t<\/div>\n\t\t\t\t\n\t\t\t\t\t\t\t\t\t<div class=\"swiper-pagination\"><\/div>\n\t\t\t\t\t\t\t\t\t<\/div>\n\t\t\t\t<\/div>\n\t\t\t\t<\/div>\n\t\t\t\t\t<\/div>\n\t\t\t\t<\/div>\n\t\t\t\t<\/div>\n\t\t","protected":false},"excerpt":{"rendered":"<p>PITCH A\u00c7I G\u00d6STERGE PITCH A\u00c7I G\u00d6STERGE \u00dcR\u00dcN KODU:TH-5000 Teknik \u00d6zellikler: GER\u0130L\u0130M:24 DC,10W, SKALA:0,35 derece ile 0,04 derece. BOYUT:150 mm x 200 mm x 160 mm ELEKTR\u0130K BA\u011eLANTI:End\u00fcstriyel Soket. HABERLE\u015eME ( D\u0130J\u0130TAL):var FORMAT:TSS1veya NMEA,Modbus. S\u0130NYAL PROTOKOL:ASCII NMEA and binary. HABERLE\u015eME ARAY\u00dcZ:RS422\/RS485 ve RS232. ANALOG \u00c7IKI\u015e:var. \u00b1 20 ma veya \u00b1 10 volt \u2013 12 bit DAC:1&#8230;<\/p>\n","protected":false},"author":1,"featured_media":0,"parent":0,"menu_order":0,"comment_status":"closed","ping_status":"closed","template":"","meta":{"_kad_post_transparent":"","_kad_post_title":"hide","_kad_post_layout":"fullwidth","_kad_post_sidebar_id":"","_kad_post_content_style":"unboxed","_kad_post_vertical_padding":"hide","_kad_post_feature":"hide","_kad_post_feature_position":"","_kad_post_header":false,"_kad_post_footer":false,"footnotes":""},"aioseo_notices":[],"_links":{"self":[{"href":"https:\/\/www.malivor.com\/index.php\/wp-json\/wp\/v2\/pages\/2431"}],"collection":[{"href":"https:\/\/www.malivor.com\/index.php\/wp-json\/wp\/v2\/pages"}],"about":[{"href":"https:\/\/www.malivor.com\/index.php\/wp-json\/wp\/v2\/types\/page"}],"author":[{"embeddable":true,"href":"https:\/\/www.malivor.com\/index.php\/wp-json\/wp\/v2\/users\/1"}],"replies":[{"embeddable":true,"href":"https:\/\/www.malivor.com\/index.php\/wp-json\/wp\/v2\/comments?post=2431"}],"version-history":[{"count":18,"href":"https:\/\/www.malivor.com\/index.php\/wp-json\/wp\/v2\/pages\/2431\/revisions"}],"predecessor-version":[{"id":2804,"href":"https:\/\/www.malivor.com\/index.php\/wp-json\/wp\/v2\/pages\/2431\/revisions\/2804"}],"wp:attachment":[{"href":"https:\/\/www.malivor.com\/index.php\/wp-json\/wp\/v2\/media?parent=2431"}],"curies":[{"name":"wp","href":"https:\/\/api.w.org\/{rel}","templated":true}]}}